 58 + -26 - 12 - 36?
-16
What is 13 + 1 + -8 + 15 + -13?
8
Calculate 7 + 1 + -6 + 13 + -17.
-2
Evaluate 164 - 137 - (23 + 0).
4
Calculate (3 - 1) + (-3 + 0 - (1 + 8)).
-10
-6 - 15 - (-20 - (3 + -19))
-17
(-21 - 0) + (-604 - -627)
2
What is 1 + -7 + 15 + -8 + -2?
-1
Calculate (-34 - (-5 - 24)) + (4 - 0) + -1.
-2
10 + (-1 - 0 - (-7 - 2))
18
Calculate -6 + 2 + 1 + 4 - (19 + -2).
-16
Evaluate (6 - -6) + -26 + 6.
-8
Calculate -19 - (-34 - -10) - (-4 - -3 - 5).
11
-44 - (-49 - -29) - -11
-13
What is -17 - (14 + -20 + (0 - -2))?
-13
Evaluate 828 + -842 + (0 - -14).
0
99 + -74 - (-3 + 7 + 2)
19
Evaluate (3 - 2) + -20 + 7 + -11.
-23
What is the value of (3 - -15) + -3 + 1 - 5 - -3?
14
9 - ((1 - 1) + -6 - (-21 - -14))
8
What is 21 - (-2 + (-3 - (-8 - 6)))?
12
Calculate (-14 - 3) + (61 - 37).
7
What is the value of -28 - -39 - (-4 - -18)?
-3
-16 - (-8 + -15 + 2)
5
-13 - (13 + -6 - 18)
-2
What is the value of (1 - -4 - (33 + -24) - 3) + 19?
12
Calculate (223 - 244) + (8 - -1).
-12
Calculate -1 + 5 + -53 + 44.
-5
What is -36 + 78 - 39 - (-19 - (-2 + 1))?
21
What is the value of -13 + 3 + 18 - -5?
13
-3 + (9 - 30) + (-3 - -10)
-17
Evaluate (-3 - (0 + -3 - 0)) + (-132 - -127).
-5
What is the value of 155 - 151 - (1 - 9)?
12
Evaluate -37 + 63 + (-13 - (-8 - -4)).
17
What is -27 + 21 + -3 - (-4 - -1)?
-6
-17 + -6 + 26 + -1
2
Calculate (29 - (20 - 6)) + (-4 - -2).
13
Calculate -627 - -626 - (-1 + -22).
22
Calculate ((23 - 8) + -9 - (1 - -12)) + 19.
12
Evaluate 2 + (-3 - -11 - 10).
0
What is the value of 1 + -1 + -2 + -3 + -12?
-17
9 + 9 + (-3 - 21 - -2)
-4
What is the value of (-13 - (-26 + 12)) + 1?
2
What is the value of (16 - 26) + (12 - 8) + 6 + 0?
0
Calculate 18 - (2 + (-5 - -25)) - (0 - 42).
38
Evaluate 15 + -1 + -16 - (1 - 0) - 4.
-7
What is the value of (-1 - 0) + (1 - 31 - -5) + 1?
-25
What is the value of -7 + (18 + 0 - -4)?
15
What is -17 - (-5 + -5 - -19)?
-26
(-2 + (17 - 10) - (0 - -9)) + -31
-35
12 + -47 + -8 + 20
-23
Calculate 1 + 1 + (56 - 88).
-30
What is -93 + 94 + (0 - 1 - 0)?
0
What is 9 - (0 + 3 - (-15 + (-10 - -30)))?
11
Evaluate (34 - (16 - 41)) + -33.
26
Evaluate (-8 - (-27 - -8)) + (2 - 1 - 2).
10
What is the value of (3 - 11) + (7 - (17 + -16))?
-2
What is the value of (-15 - 9) + 24 - 23?
-23
What is -37 - -11 - -18 - (-21 - (0 + 0))?
13
Calculate 2 - ((-17 - -9) + 9 - 6) - -20.
27
Calculate (20 - 4) + 1 + -20.
-3
Evaluate -7 + 0 + 5 + -4 + -11.
-17
What is 6 + (1 - 8) + -8 + 6?
-3
Evaluate -24 + -3 + 15 + 19 - (1 - 0).
6
What is 7 + -16 + (18 - -1)?
10
What is the value of -5 - (35 + (1 - 3) - (-156 - -161))?
-33
Evaluate 28 + -13 - 16 - (-6 + -1).
6
What is the value of -12 - (41 - (18 + 20))?
-15
Calculate 3 - (3 - 0 - -1 - -2).
-3
Calculate -5 - (-10 - -4 - -9 - 6).
-2
What is 14 + (-1 - -3) + (-52 - -55)?
19
Evaluate -5 + (-5 - (-2 + (-2 - 4))) - 4.
-6
What is (-4 - -2) + 15 + (25 - 30)?
8
(-33 - -10) + 19 - -7
3
Calculate 1 + -8 + (73 - 64).
2
What is the value of 10 + 0 + -4 + 0 + -1 + -5?
0
What is (-8 - ((-2 - (-5 + 4)) + 0)) + 6?
-1
2 + (18 + -9 - -14)
25
-407 - -393 - (1 - 31)
16
6 + 4 - ((-8 - (-6 + -12)) + -10)
10
What is 7 + -1 + (0 + -6 - 3) - -2?
-1
What is the value of 46 + 14 + -59 - (2 - 1 - -7)?
-7
What is the value of -11 - (2 - (2 + 31) - (744 - 741))?
23
Calculate -24 + 4 + 19 - 15.
-16
Calculate (0 - 7) + 1 + 1 + -4 + 2.
-7
-1 - (-5 + 0) - (3 - -4)
-3
What is (-22 - 4) + 32 + -17?
-11
Calculate 2 - -11 - (3 + 0) - (-111 - -103).
18
Evaluate 2 + 28 - (91 - 80).
19
Calculate -4 + (-11 - -3) + 19 + 2 + -1.
8
Calculate 0 + -1 + 5 - (0 - 4 - -4).
4
(-7 - -6) + 0 + 0 - (-5 + -2)
6
Calculate 39 - (33 - ((17 - -7) + -7)).
23
What is -32 - (145 + -152 - (1 + -9) - 2)?
-31
Evaluate (3 - 6) + (-33 + 12 - (7 + -4)).
-27
Evaluate -15 + (4 - (3 - (-7 - -8) - -1)).
-14
-29 - -29 - -4 - -20
24
What is 3 - (-15 + 8) - (-17 + 1 - -5)?
21
14 - 7 - 7 - (5 + 0) - -7
2
What is (-49 + 88 - (13 - 2)) + (-3 - -1)?
26
Calculate (-3 - 13) + (2 - 4) + (14 - 9).
-13
What is the value of 1 + 4 + 5 + (-32 - -21) - 5?
-6
Calculate (-266 - -259 - (-1 - -1)) + (-1 - 0).
-8
What is the value of -3 + -1 - (-2 + -7) - -3?
8
What is -14 + (64 + -9 + 4 - 15)?
30
What is (-14 - -55) + (-26 - 20)?
-5
What is the value of 22 - (9 + -3 + 4 + -2 - 1)?
15
What is the value of 1 + 32 - (-204 + 216)?
21
-1 - 0 - -1 - 11 - (999 + -999)
-11
Calculate (0 - -1) + (-13 - (-8 + 8)).
-12
Calculate (3 - 1) + -4 + -12 + 3 + 17.
6
What is (-23 - (5 + -15)) + 27 + (0 - 2)?
12
What is the value of -13 + 1 + (86 - (38 + 30))?
6
3 + 0 - (0 + 9 + (-35 - -44))
-15
Evaluate -25 + -32 + 49 + (1 - 11).
-18
What is the value of (18 - (36 - 12)) + (-9 - 1)?
-16
Evaluate 308 + -319 + (6 - 0).
-5
Calculate -8 + (10 - 2 - (8 + -5)).
-3
What is (-14 - (-24 + 26)) + 15?
-1
Calculate (219 - 220) + (1 - -22 - (7 - 3)).
18
What is 18 + (0 - 6) + 3 - -14?
29
Calculate (-1 + 2 - -4) + -1.
4
What is (3 - 21) + (-1 - (-13 - -8))?
-14
What is the value of -4 - 0 - (-54 + 65 + (-4 - 3))?
-8
Calculate 16 + (-10 + -5 - -8).
9
What is -9 - (2 + (-1 - 4) + 1)?
-7
-17 - (1 + (0 - (3 - 7) - -4))
-26
What is the value of -10 - 1 - (-27 + 1 + -3)?
18
-8 + -36 + 35 + -25
-34
Calculate 4 - (8 + -8 - ((0 - -3) + 0)).
7
Evaluate -3 - (-19 + 4) - (49 + -22).
-15
What is -5 + -1 + 7 - -11?
12
Calculate (-11 - -18) + -4 + (0 - -4).
7
Calculate -5 + 20 + -8 + (1 - -1) + -1.
8
Calculate -11 + 20 + -14 - -14.
9
What is the value of -6 + -1 + 3 + 9 + 4 + -6?
3
1 - (12 - (17 + 2))
8
Calculate (-21 - 6) + (11 + -25 - -21).
-20
(-4 - -3 - (35 + -30)) + 4 - -10
8
What is the value of (-2 - 1) + -8 + 5?
-6
What is the value of -33 + (10 - (-4 + (5 - 0) + -3))?
-21
Evaluate (4 - (11 - 1)) + (24 - (8 - 15)).
25
-16 + -24 + 26 + 36 + 2
24
5 + (13 - -11) + -16
13
Calculate -28 + (-5 - -28) + 29.
24
What is -6 + (115 + -100 - (1 - 6))?
14
Evaluate 16 - (1 - (11 + -16)).
10
What is 1 - (2 - -3) - (6 + -4 + 4)?
-10
Calculate 6 + (-15 - -9 - 21) + 6.
-15
-12 - (-6 + -24 + 9)
9
Calculate 31 + -17 + -41 + 15 - -50.
38
What is the value of (38 - 24) + 6 + -45?
-25
What is the value of 38 - 42 - (-3 - 3 - 3)?
5
Calculate 15 + 1 + (-13 - (-10 + 1)) + 9.
21
Calculate -1 - (-21 + 21) - (3 + -11).
7
Evaluate (10 - -3) + -44 + 39.
8
Evaluate -10 + 1 - (-83 + 57).
17
8 + -5 - ((3 - 22) + 7)
15
Calculate (-12 - -8) + 6 + -10 - -19.
11
(20 - 26 - 1) + 5 + 0
-2
13 - (-5 + 13) - 11 - 7
-13
What is the value of (-1 + 1 + 5 - (110 - 100)) + 3?
-2
What is (18 - -10 - 9) + 3?
22
-16 + -2 - (-26 + 1)
7
What is the value of (-2 + 6 - 2) + (-18 - (-15 - -3))?
-4
What is the value of (-12 - 3) + 28 + -14?
-1
What is 4 + 9 - (-11 + (26 - -10))?
-12
Calculate 20 + (-10 - -28) + -18.
20
What is -6 - (17 - (-6 - (11 - 30)))?
-10
What is the value of -12 + 14 + 8 + -1 + -4 + 3?
8
-5 - (5 - -15) - (-13 + (-3 - -7))
-16
Calculate 16 + (-8 - -5 - 8).
5
What is the value of 3 + -3 + (7 - 2 - 13)?
-8
What is 8 + -10 + -14 - -2?
-14
What is -12 + (-6 - -39 - 10)?
11
-10 - (6 + 7 + 0 - 9)
-14
What is 22 + -13 + 17 - (3 - -1)?
22
What is (2 + -29 - (24 + 1 + -23)) + 5?
-24
(-53 - -61) + (-2 - 14) + 42 + -6
28
What is the value of 22 - (15 - 0) - -5 - (20 - -3)?
-11
What is the value of -22 + 3 + 5 + -7 + 5?
-16
Calculate -6 - (-11 + 20 - 4).
-11
Calculate 1 + 0 + 33 + (-37 - -22).
19
(23 - 3) + (-2 - 7)
11
Evaluate 155 + -159 - (-17 + 18 - (-1 + -3)).
-9
2 - 6 - (-17 - -23 - 14)
4
What is 14 - 3 - (7 - -6 - 17)?
15
3 + -4 - (-4 - 1) - (179 - 150)
-25
What is the value of 8 + 0 - (10 - (-3 + 16 + 3))?
14
What is 19 + -23 + -15 + 14?
-5
Evaluate -40 - -10 - (-9 + -8).
-13
(3 - (15 - 12)) + 2
2
Calculate 14 - (0 + (3 - -5)).
6
What is the value of (-32 - (0 - 3)) + (22 - 9)?
-16
Evaluate -19 - (5 + 1 - (-28 + 18 + 24)).
-11
What is 9 + 13 + (-23 - 5)?
-6
What is the value of (-154 - -128) + 25 + -3?
-4
What is (-5 - (-8 + -9 + 10)) + 4 - -16?
22
What is the value of 21 - ((11 - (-12 - -6)) + -8)?
12
What is the value of (-2 - -12) + 1 + -1 - (915 - 900)?
-5
Calculate -14 + -25 - -26 - -7.
-6
What is the value of (25 + -26 - -26) + -11?
14
Evaluate 3 + (-10 - 0) - (-41 - -29) - -7.
12
Calculate (-7 - -7) + 7 - (3 + 3).
1
382 + -388 + (1 - 13)
-18
What is 15 + -2 + (-6 - (-1 + -10))?
18
What is -32 + -12 + 86 - 73?
-31
What is 2 - 14 - (-2 + 3 + -23 + 17)?
